{"id":102,"date":"2019-03-04T22:02:48","date_gmt":"2019-03-04T21:02:48","guid":{"rendered":"http:\/\/localhost\/Insersud\/?page_id=102"},"modified":"2025-03-14T08:29:29","modified_gmt":"2025-03-14T07:29:29","slug":"accueil","status":"publish","type":"page","link":"https:\/\/www.insersud86.fr\/","title":{"rendered":"Accueil"},"content":{"rendered":"\t\t<div data-elementor-type=\"wp-post\" data-elementor-id=\"102\" class=\"elementor elementor-102\">\n\t\t\t\t\t\t<div class=\"elementor-inner\">\n\t\t\t\t<div class=\"elementor-section-wrap\">\n\t\t\t\t\t\t\t\t\t<section class=\"elementor-section elementor-top-section elementor-element elementor-element-5e3805e elementor-section-stretched elementor-section-full_width elementor-section-height-default elementor-section-height-default\" data-id=\"5e3805e\" data-element_type=\"section\" data-settings=\"{&quot;stretch_section&quot;:&quot;section-stretched&quot;}\">\n\t\t\t\t\t\t<div class=\"elementor-container elementor-column-gap-no\">\n\t\t\t\t\t\t\t<div class=\"elementor-row\">\n\t\t\t\t\t<section class=\"elementor-column elementor-col-100 elementor-top-column elementor-element elementor-element-9ae26eb\" data-id=\"9ae26eb\" data-element_type=\"column\">\n\t\t\t<div class=\"elementor-column-wrap elementor-element-populated\">\n\t\t\t\t\t\t\t<div class=\"elementor-widget-wrap\">\n\t\t\t\t\t\t<div class=\"elementor-element elementor-element-447e58d elementor-widget elementor-widget-shortcode\" data-id=\"447e58d\" data-element_type=\"widget\" data-widget_type=\"shortcode.default\">\n\t\t\t\t<div class=\"elementor-widget-container\">\n\t\t\t\t\t<div class=\"elementor-shortcode\"><div id=\"metaslider-id-278\" style=\"width: 100%; margin: 0 auto;\" class=\"ml-slider-3-27-12 metaslider metaslider-flex metaslider-278 ml-slider SlideShow_Page_Accueil ms-theme-simply-dark nav-hidden\">\n    <div id=\"metaslider_container_278\">\n        <div id=\"metaslider_278\">\n            <ul aria-live=\"polite\" class=\"slides\">\n                <li style=\"display: block; width: 100%;\" class=\"slide-2232 ms-image\"><img loading=\"lazy\" decoding=\"async\" src=\"https:\/\/www.insersud86.fr\/wp-content\/uploads\/2025\/01\/insersud-42-scaled-1925x605.jpg\" height=\"605\" width=\"1925\" alt=\"\" class=\"slider-278 slide-2232\" title=\"Entretien des locaux - Saint-Eloi\" \/><\/li>\n                <li style=\"display: none; width: 100%;\" class=\"slide-2230 ms-image\"><img loading=\"lazy\" decoding=\"async\" src=\"https:\/\/www.insersud86.fr\/wp-content\/uploads\/2025\/01\/Djalila-scaled-1925x605.jpg\" height=\"605\" width=\"1925\" alt=\"\" class=\"slider-278 slide-2230\" title=\"Couture pour Pique Tout Net\" \/><\/li>\n                <li style=\"display: none; width: 100%;\" class=\"slide-2236 ms-image\"><img loading=\"lazy\" decoding=\"async\" src=\"https:\/\/www.insersud86.fr\/wp-content\/uploads\/2025\/01\/insersud-49-scaled-1925x605.jpg\" height=\"605\" width=\"1925\" alt=\"\" class=\"slider-278 slide-2236\" title=\"INSERSUD\" \/><\/li>\n                <li style=\"display: none; width: 100%;\" class=\"slide-3589 ms-image\"><img loading=\"lazy\" decoding=\"async\" src=\"https:\/\/www.insersud86.fr\/wp-content\/uploads\/2025\/03\/250227-ATELIER-NUMERIQUE-2-scaled-1925x605.jpg\" height=\"605\" width=\"1925\" alt=\"\" class=\"slider-278 slide-3589\" title=\"250227 ATELIER NUMERIQUE\" \/><\/li>\n                <li style=\"display: none; width: 100%;\" class=\"slide-3363 ms-image\"><img loading=\"lazy\" decoding=\"async\" src=\"https:\/\/www.insersud86.fr\/wp-content\/uploads\/2025\/03\/250227-CONCIERGERIE-scaled-e1741164310241-1925x605.jpg\" height=\"605\" width=\"1925\" alt=\"\" class=\"slider-278 slide-3363\" title=\"250227 CONCIERGERIE\" \/><\/li>\n                <li style=\"display: none; width: 100%;\" class=\"slide-3365 ms-image\"><img loading=\"lazy\" decoding=\"async\" src=\"https:\/\/www.insersud86.fr\/wp-content\/uploads\/2025\/03\/250227-ESPACES-VERTS-e1741162606539-1925x605.jpg\" height=\"605\" width=\"1925\" alt=\"\" class=\"slider-278 slide-3365\" title=\"250227 ESPACES VERTS\" \/><\/li>\n                <li style=\"display: none; width: 100%;\" class=\"slide-3366 ms-image\"><img loading=\"lazy\" decoding=\"async\" src=\"https:\/\/www.insersud86.fr\/wp-content\/uploads\/2025\/03\/250227-LE-COQUELICOT-scaled-1925x605.jpg\" height=\"605\" width=\"1925\" alt=\"\" class=\"slider-278 slide-3366\" title=\"250227 LE COQUELICOT\" \/><\/li>\n            <\/ul>\n        <\/div>\n        \n    <\/div>\n<\/div><\/div>\n\t\t\t\t<\/div>\n\t\t\t\t<\/div>\n\t\t\t\t\t\t<\/div>\n\t\t\t\t\t<\/div>\n\t\t<\/section>\n\t\t\t\t\t\t\t\t<\/div>\n\t\t\t\t\t<\/div>\n\t\t<\/section>\n\t\t\t\t<section class=\"elementor-section elementor-top-section elementor-element elementor-element-715bde8 elementor-section-stretched elementor-section-full_width elementor-section-height-default elementor-section-height-default\" data-id=\"715bde8\" data-element_type=\"section\" data-settings=\"{&quot;stretch_section&quot;:&quot;section-stretched&quot;}\">\n\t\t\t\t\t\t<div class=\"elementor-container elementor-column-gap-no\">\n\t\t\t\t\t\t\t<div class=\"elementor-row\">\n\t\t\t\t\t<div class=\"elementor-column elementor-col-100 elementor-top-column elementor-element elementor-element-82604f1\" data-id=\"82604f1\" data-element_type=\"column\">\n\t\t\t<div class=\"elementor-column-wrap elementor-element-populated\">\n\t\t\t\t\t\t\t<div class=\"elementor-widget-wrap\">\n\t\t\t\t\t\t<div class=\"elementor-element elementor-element-7adab70 elementor-widget elementor-widget-heading\" data-id=\"7adab70\" data-element_type=\"widget\" data-widget_type=\"heading.default\">\n\t\t\t\t<div class=\"elementor-widget-container\">\n\t\t\t<h1 class=\"elementor-heading-title elementor-size-default\">R\u00e9gie de Quartiers INSERSUD<\/h1>\t\t<\/div>\n\t\t\t\t<\/div>\n\t\t\t\t\t\t<\/div>\n\t\t\t\t\t<\/div>\n\t\t<\/div>\n\t\t\t\t\t\t\t\t<\/div>\n\t\t\t\t\t<\/div>\n\t\t<\/section>\n\t\t\t\t<section class=\"elementor-section elementor-top-section elementor-element elementor-element-530310a elementor-section-boxed elementor-section-height-default elementor-section-height-default\" data-id=\"530310a\" data-element_type=\"section\" data-settings=\"{&quot;shape_divider_top&quot;:&quot;arrow&quot;,&quot;shape_divider_bottom&quot;:&quot;arrow&quot;}\">\n\t\t\t\t\t<div class=\"elementor-shape elementor-shape-top\" data-negative=\"false\">\n\t\t\t<svg xmlns=\"http:\/\/www.w3.org\/2000\/svg\" viewBox=\"0 0 700 10\" preserveAspectRatio=\"none\">\n\t<path class=\"elementor-shape-fill\" d=\"M350,10L340,0h20L350,10z\"\/>\n<\/svg>\t\t<\/div>\n\t\t\t\t<div class=\"elementor-shape elementor-shape-bottom\" data-negative=\"false\">\n\t\t\t<svg xmlns=\"http:\/\/www.w3.org\/2000\/svg\" viewBox=\"0 0 700 10\" preserveAspectRatio=\"none\">\n\t<path class=\"elementor-shape-fill\" d=\"M350,10L340,0h20L350,10z\"\/>\n<\/svg>\t\t<\/div>\n\t\t\t\t\t<div class=\"elementor-container elementor-column-gap-default\">\n\t\t\t\t\t\t\t<div class=\"elementor-row\">\n\t\t\t\t\t<div class=\"elementor-column elementor-col-100 elementor-top-column elementor-element elementor-element-dff7381\" data-id=\"dff7381\" data-element_type=\"column\">\n\t\t\t<div class=\"elementor-column-wrap elementor-element-populated\">\n\t\t\t\t\t\t\t<div class=\"elementor-widget-wrap\">\n\t\t\t\t\t\t<div class=\"elementor-element elementor-element-3ff45d9 elementor-widget elementor-widget-text-editor\" data-id=\"3ff45d9\" data-element_type=\"widget\" data-widget_type=\"text-editor.default\">\n\t\t\t\t<div class=\"elementor-widget-container\">\n\t\t\t\t\t\t\t\t<div class=\"elementor-text-editor elementor-clearfix\">\n\t\t\t\t<p><span style=\"color: #000000;\">Association cr\u00e9\u00e9e en 1990, la R\u00e9gie de Quartiers <strong>INSERSUD<\/strong> a pour objet social l\u2019am\u00e9lioration du cadre de vie des habitants et de permettre l\u2019insertion professionnelle de ces derniers par l\u2019emploi au travers des activit\u00e9s \u00e9conomiques qu\u2019elle r\u00e9alise sur le territoire de la communaut\u00e9 urbaine de Grand Poitiers.<\/span><\/p><p><span style=\"color: #000000;\"><b>Ces actions d&rsquo;insertion en faveur des publics \u00e9loign\u00e9s\u00a0<span style=\"font-size: 18px;\">de l&#8217;emploi sont soutenues par le FSE.<\/span><\/b><\/span><\/p><p><img loading=\"lazy\" decoding=\"async\" class=\"\" src=\"https:\/\/esad-talm.fr\/sites\/default\/files\/talm\/ged\/fr_cofinance_par_lunion_europeenne_pos.jpg\" alt=\"Logo Cofinanc\u00e9 par l'union europ\u00e9enne | \u00c9cole sup\u00e9rieure d'art et de design TALM\" width=\"235\" height=\"49\" \/><\/p>\t\t\t\t\t<\/div>\n\t\t\t\t\t\t<\/div>\n\t\t\t\t<\/div>\n\t\t\t\t<div class=\"elementor-element elementor-element-fb91893 elementor-align-center elementor-widget elementor-widget-button\" data-id=\"fb91893\" data-element_type=\"widget\" data-widget_type=\"button.default\">\n\t\t\t\t<div class=\"elementor-widget-container\">\n\t\t\t\t\t<div class=\"elementor-button-wrapper\">\n\t\t\t<a href=\"https:\/\/www.insersud86.fr\/?page_id=28\" class=\"elementor-button-link elementor-button elementor-size-md elementor-animation-grow\" role=\"button\">\n\t\t\t\t\t\t<span class=\"elementor-button-content-wrapper\">\n\t\t\t\t\t\t<span class=\"elementor-button-text\">En savoir plus<\/span>\n\t\t<\/span>\n\t\t\t\t\t<\/a>\n\t\t<\/div>\n\t\t\t\t<\/div>\n\t\t\t\t<\/div>\n\t\t\t\t\t\t<\/div>\n\t\t\t\t\t<\/div>\n\t\t<\/div>\n\t\t\t\t\t\t\t\t<\/div>\n\t\t\t\t\t<\/div>\n\t\t<\/section>\n\t\t\t\t<section class=\"elementor-section elementor-top-section elementor-element elementor-element-02c9ae6 elementor-section-boxed elementor-section-height-default elementor-section-height-default\" data-id=\"02c9ae6\" data-element_type=\"section\" data-settings=\"{&quot;background_background&quot;:&quot;slideshow&quot;,&quot;background_slideshow_gallery&quot;:[],&quot;background_slideshow_loop&quot;:&quot;yes&quot;,&quot;background_slideshow_slide_duration&quot;:5000,&quot;background_slideshow_slide_transition&quot;:&quot;fade&quot;,&quot;background_slideshow_transition_duration&quot;:500}\">\n\t\t\t\t\t\t<div class=\"elementor-container elementor-column-gap-default\">\n\t\t\t\t\t\t\t<div class=\"elementor-row\">\n\t\t\t\t\t<section class=\"elementor-column elementor-col-100 elementor-top-column elementor-element elementor-element-31ecd03\" data-id=\"31ecd03\" data-element_type=\"column\">\n\t\t\t<div class=\"elementor-column-wrap\">\n\t\t\t\t\t\t\t<div class=\"elementor-widget-wrap\">\n\t\t\t\t\t\t\t\t<\/div>\n\t\t\t\t\t<\/div>\n\t\t<\/section>\n\t\t\t\t\t\t\t\t<\/div>\n\t\t\t\t\t<\/div>\n\t\t<\/section>\n\t\t\t\t<section class=\"elementor-section elementor-top-section elementor-element elementor-element-df25282 elementor-section-boxed elementor-section-height-default elementor-section-height-default\" data-id=\"df25282\" data-element_type=\"section\">\n\t\t\t\t\t\t<div class=\"elementor-container elementor-column-gap-default\">\n\t\t\t\t\t\t\t<div class=\"elementor-row\">\n\t\t\t\t\t<div class=\"elementor-column elementor-col-100 elementor-top-column elementor-element elementor-element-d51458f\" data-id=\"d51458f\" data-element_type=\"column\">\n\t\t\t<div class=\"elementor-column-wrap elementor-element-populated\">\n\t\t\t\t\t\t\t<div class=\"elementor-widget-wrap\">\n\t\t\t\t\t\t<div class=\"elementor-element elementor-element-ec4258e elementor-widget elementor-widget-spacer\" data-id=\"ec4258e\" data-element_type=\"widget\" data-widget_type=\"spacer.default\">\n\t\t\t\t<div class=\"elementor-widget-container\">\n\t\t\t\t\t<div class=\"elementor-spacer\">\n\t\t\t<div class=\"elementor-spacer-inner\"><\/div>\n\t\t<\/div>\n\t\t\t\t<\/div>\n\t\t\t\t<\/div>\n\t\t\t\t<div class=\"elementor-element elementor-element-d63d8ec elementor-widget elementor-widget-shortcode\" data-id=\"d63d8ec\" data-element_type=\"widget\" data-widget_type=\"shortcode.default\">\n\t\t\t\t<div class=\"elementor-widget-container\">\n\t\t\t\t\t<div class=\"elementor-shortcode\"><div id=\"metaslider-id-388\" style=\"width: 100%; margin: 0 auto;\" class=\"ml-slider-3-27-12 metaslider metaslider-flex metaslider-388 ml-slider SlideShow_Logos_Partenaires ms-theme-bubble nav-hidden nav-hidden has-carousel-mode has-carousel-mode\">\n    <div id=\"metaslider_container_388\">\n        <div id=\"metaslider_388\">\n            <ul aria-live=\"polite\" class=\"slides\">\n                <li style=\"display: none; width: 100%;\" class=\"slide-818 ms-image\"><a href=\"http:\/\/www.fse.gouv.fr\/\" target=\"_self\"><img loading=\"lazy\" decoding=\"async\" width=\"828\" height=\"178\" src=\"https:\/\/www.insersud86.fr\/wp-content\/uploads\/2024\/12\/Embleme-UE_base_Mentions_Cofinance-Bleu.png\" class=\"slider-388 slide-818\" alt=\"\" rel=\"\" title=\"Embl\u00e8me UE_base_Mentions_Cofinanc\u00e9 Bleu\" style=\"margin-top: 19.251207729469%\" srcset=\"https:\/\/www.insersud86.fr\/wp-content\/uploads\/2024\/12\/Embleme-UE_base_Mentions_Cofinance-Bleu.png 828w, https:\/\/www.insersud86.fr\/wp-content\/uploads\/2024\/12\/Embleme-UE_base_Mentions_Cofinance-Bleu-300x64.png 300w, https:\/\/www.insersud86.fr\/wp-content\/uploads\/2024\/12\/Embleme-UE_base_Mentions_Cofinance-Bleu-768x165.png 768w\" sizes=\"auto, (max-width: 828px) 100vw, 828px\" \/><\/a><\/li>\n                <li style=\"display: none; width: 100%;\" class=\"slide-811 ms-image\"><a href=\"http:\/\/www.vienne.gouv.fr\/\" target=\"_self\"><img loading=\"lazy\" decoding=\"async\" width=\"281\" height=\"300\" src=\"https:\/\/www.insersud86.fr\/wp-content\/uploads\/2019\/04\/Logo_Prefecture_Vienne.png\" class=\"slider-388 slide-811\" alt=\"Prefecture de la Vienne\" rel=\"\" title=\"Pr\u00e9fecture de la Vienne\" style=\"margin: 0 auto; width: 56.2%\" \/><\/a><\/li>\n                <li style=\"display: none; width: 100%;\" class=\"slide-810 ms-image\"><a href=\"https:\/\/www.nouvelle-aquitaine.fr\/\" target=\"_self\"><img loading=\"lazy\" decoding=\"async\" width=\"1404\" height=\"651\" src=\"https:\/\/www.insersud86.fr\/wp-content\/uploads\/2024\/12\/NA.png\" class=\"slider-388 slide-810\" alt=\"\" rel=\"\" title=\"NA\" style=\"margin-top: 6.8162393162393%\" srcset=\"https:\/\/www.insersud86.fr\/wp-content\/uploads\/2024\/12\/NA.png 1404w, https:\/\/www.insersud86.fr\/wp-content\/uploads\/2024\/12\/NA-300x139.png 300w, https:\/\/www.insersud86.fr\/wp-content\/uploads\/2024\/12\/NA-1024x475.png 1024w, https:\/\/www.insersud86.fr\/wp-content\/uploads\/2024\/12\/NA-768x356.png 768w\" sizes=\"auto, (max-width: 1404px) 100vw, 1404px\" \/><\/a><\/li>\n                <li style=\"display: none; width: 100%;\" class=\"slide-812 ms-image\"><a href=\"http:\/\/www.lavienne86.fr\/\" target=\"_self\"><img loading=\"lazy\" decoding=\"async\" width=\"350\" height=\"350\" src=\"https:\/\/www.insersud86.fr\/wp-content\/uploads\/2019\/04\/Logo-du-Departement-de-la-Vienne.jpg\" class=\"slider-388 slide-812\" alt=\"Departement de la Vienne\" rel=\"\" title=\"D\u00e9partement de la Vienne\" style=\"margin: 0 auto; width: 60%\" srcset=\"https:\/\/www.insersud86.fr\/wp-content\/uploads\/2019\/04\/Logo-du-Departement-de-la-Vienne.jpg 350w, https:\/\/www.insersud86.fr\/wp-content\/uploads\/2019\/04\/Logo-du-Departement-de-la-Vienne-150x150.jpg 150w, https:\/\/www.insersud86.fr\/wp-content\/uploads\/2019\/04\/Logo-du-Departement-de-la-Vienne-0x300.jpg 300w, https:\/\/www.insersud86.fr\/wp-content\/uploads\/2019\/04\/Logo-du-Departement-de-la-Vienne-200x200.jpg 200w\" sizes=\"auto, (max-width: 350px) 100vw, 350px\" \/><\/a><\/li>\n                <li style=\"display: none; width: 100%;\" class=\"slide-813 ms-image\"><a href=\"https:\/\/www.grandpoitiers.fr\/\" target=\"_self\"><img loading=\"lazy\" decoding=\"async\" width=\"2560\" height=\"1024\" src=\"https:\/\/www.insersud86.fr\/wp-content\/uploads\/2024\/12\/logo_GPCU-scaled.jpg\" class=\"slider-388 slide-813\" alt=\"\" rel=\"\" title=\"logo_GPCU\" style=\"margin-top: 10%\" srcset=\"https:\/\/www.insersud86.fr\/wp-content\/uploads\/2024\/12\/logo_GPCU-scaled.jpg 2560w, https:\/\/www.insersud86.fr\/wp-content\/uploads\/2024\/12\/logo_GPCU-300x120.jpg 300w, https:\/\/www.insersud86.fr\/wp-content\/uploads\/2024\/12\/logo_GPCU-1024x410.jpg 1024w, https:\/\/www.insersud86.fr\/wp-content\/uploads\/2024\/12\/logo_GPCU-768x307.jpg 768w, https:\/\/www.insersud86.fr\/wp-content\/uploads\/2024\/12\/logo_GPCU-1536x614.jpg 1536w, https:\/\/www.insersud86.fr\/wp-content\/uploads\/2024\/12\/logo_GPCU-2048x819.jpg 2048w\" sizes=\"auto, (max-width: 2560px) 100vw, 2560px\" \/><\/a><\/li>\n                <li style=\"display: none; width: 100%;\" class=\"slide-815 ms-image\"><a href=\"https:\/\/www.poitiers.fr\/\" target=\"_self\"><img loading=\"lazy\" decoding=\"async\" width=\"1200\" height=\"492\" src=\"https:\/\/www.insersud86.fr\/wp-content\/uploads\/2022\/02\/Logo_ville_de_Poitiers.jpg\" class=\"slider-388 slide-815\" alt=\"\" rel=\"\" title=\"Logo_ville_de_Poitiers\" style=\"margin-top: 9.5%\" srcset=\"https:\/\/www.insersud86.fr\/wp-content\/uploads\/2022\/02\/Logo_ville_de_Poitiers.jpg 1200w, https:\/\/www.insersud86.fr\/wp-content\/uploads\/2022\/02\/Logo_ville_de_Poitiers-300x123.jpg 300w, https:\/\/www.insersud86.fr\/wp-content\/uploads\/2022\/02\/Logo_ville_de_Poitiers-768x315.jpg 768w, https:\/\/www.insersud86.fr\/wp-content\/uploads\/2022\/02\/Logo_ville_de_Poitiers-1024x420.jpg 1024w\" sizes=\"auto, (max-width: 1200px) 100vw, 1200px\" \/><\/a><\/li>\n            <\/ul>\n        <\/div>\n        \n    <\/div>\n<\/div><\/div>\n\t\t\t\t<\/div>\n\t\t\t\t<\/div>\n\t\t\t\t\t\t<\/div>\n\t\t\t\t\t<\/div>\n\t\t<\/div>\n\t\t\t\t\t\t\t\t<\/div>\n\t\t\t\t\t<\/div>\n\t\t<\/section>\n\t\t\t\t<section class=\"elementor-section elementor-top-section elementor-element elementor-element-30fee39 elementor-section-boxed elementor-section-height-default elementor-section-height-default\" data-id=\"30fee39\" data-element_type=\"section\">\n\t\t\t\t\t\t<div class=\"elementor-container elementor-column-gap-default\">\n\t\t\t\t\t\t\t<div class=\"elementor-row\">\n\t\t\t\t\t<div class=\"elementor-column elementor-col-50 elementor-top-column elementor-element elementor-element-c39c546\" data-id=\"c39c546\" data-element_type=\"column\">\n\t\t\t<div class=\"elementor-column-wrap elementor-element-populated\">\n\t\t\t\t\t\t\t<div class=\"elementor-widget-wrap\">\n\t\t\t\t\t\t<div class=\"elementor-element elementor-element-a3c20f5 elementor-widget elementor-widget-heading\" data-id=\"a3c20f5\" data-element_type=\"widget\" data-widget_type=\"heading.default\">\n\t\t\t\t<div class=\"elementor-widget-container\">\n\t\t\t<h2 class=\"elementor-heading-title elementor-size-default\">Suivez-nous sur Facebook<\/h2>\t\t<\/div>\n\t\t\t\t<\/div>\n\t\t\t\t\t\t<\/div>\n\t\t\t\t\t<\/div>\n\t\t<\/div>\n\t\t\t\t<div class=\"elementor-column elementor-col-50 elementor-top-column elementor-element elementor-element-3e0de42\" data-id=\"3e0de42\" data-element_type=\"column\">\n\t\t\t<div class=\"elementor-column-wrap elementor-element-populated\">\n\t\t\t\t\t\t\t<div class=\"elementor-widget-wrap\">\n\t\t\t\t\t\t<div class=\"elementor-element elementor-element-5f861b9 elementor-widget elementor-widget-heading\" data-id=\"5f861b9\" data-element_type=\"widget\" data-widget_type=\"heading.default\">\n\t\t\t\t<div class=\"elementor-widget-container\">\n\t\t\t<h2 class=\"elementor-heading-title elementor-size-default\">Nos derni\u00e8res actualit\u00e9s<\/h2>\t\t<\/div>\n\t\t\t\t<\/div>\n\t\t\t\t\t\t<\/div>\n\t\t\t\t\t<\/div>\n\t\t<\/div>\n\t\t\t\t\t\t\t\t<\/div>\n\t\t\t\t\t<\/div>\n\t\t<\/section>\n\t\t\t\t<section class=\"elementor-section elementor-top-section elementor-element elementor-element-b1652cb elementor-section-boxed elementor-section-height-default elementor-section-height-default\" data-id=\"b1652cb\" data-element_type=\"section\">\n\t\t\t\t\t\t<div class=\"elementor-container elementor-column-gap-default\">\n\t\t\t\t\t\t\t<div class=\"elementor-row\">\n\t\t\t\t\t<div class=\"elementor-column elementor-col-50 elementor-top-column elementor-element elementor-element-fed06a0\" data-id=\"fed06a0\" data-element_type=\"column\">\n\t\t\t<div class=\"elementor-column-wrap elementor-element-populated\">\n\t\t\t\t\t\t\t<div class=\"elementor-widget-wrap\">\n\t\t\t\t\t\t<div class=\"elementor-element elementor-element-f4cbaaa elementor-widget elementor-widget-wp-widget-ocean_facebook\" data-id=\"f4cbaaa\" data-element_type=\"widget\" data-widget_type=\"wp-widget-ocean_facebook.default\">\n\t\t\t\t<div class=\"elementor-widget-container\">\n\t\t\t\r\n\t\t\t<iframe src=\"https:\/\/www.facebook.com\/plugins\/likebox.php?href=https%3A%2F%2Fwww.facebook.com%2FInsersudpoitiers&#038;width=1500&#038;height=300&#038;colorscheme=light&#038;show_faces=true&#038;stream=false&#038;show_border=true&#038;header=false&#038;force_wall=false\" scrolling=\"no\" frameborder=\"0\" style=\"border: none; overflow: hidden; width: 1500px;  height: 300px; background: #fff\"><\/iframe>\r\n\t\t\t\t\t\t\t\t\t\t\t<\/div>\n\t\t\t\t<\/div>\n\t\t\t\t\t\t<\/div>\n\t\t\t\t\t<\/div>\n\t\t<\/div>\n\t\t\t\t<div class=\"elementor-column elementor-col-50 elementor-top-column elementor-element elementor-element-15b140a\" data-id=\"15b140a\" data-element_type=\"column\">\n\t\t\t<div class=\"elementor-column-wrap elementor-element-populated\">\n\t\t\t\t\t\t\t<div class=\"elementor-widget-wrap\">\n\t\t\t\t\t\t<div class=\"elementor-element elementor-element-f0ec496 elementor-widget elementor-widget-wp-widget-ocean_recent_posts\" data-id=\"f0ec496\" data-element_type=\"widget\" data-widget_type=\"wp-widget-ocean_recent_posts.default\">\n\t\t\t\t<div class=\"elementor-widget-container\">\n\t\t\t<h5>Articles r\u00e9cents<\/h5>\r\n\t\t\t\t<ul class=\"oceanwp-recent-posts clr\">\r\n\r\n\t\t\t\t\t\r\n\t\t\t\t\t\t\t<li class=\"clr\">\r\n\r\n\t\t\t\t\t\t\t\t\r\n\t\t\t\t\t\t\t\t<div class=\"recent-posts-details clr\">\r\n\r\n\t\t\t\t\t\t\t\t\t<div class=\"recent-posts-details-inner clr\">\r\n\r\n\t\t\t\t\t\t\t\t\t\t<a href=\"https:\/\/www.insersud86.fr\/?p=3760\" class=\"recent-posts-title\">INDEX EGALITE PROFESSIONNELLE FEMMES\/HOMMES 2025<\/a>\r\n\r\n\t\t\t\t\t\t\t\t\t\t<div class=\"recent-posts-info clr\">\r\n\t\t\t\t\t\t\t\t\t\t\t<div class=\"recent-posts-date\">26 f\u00e9vrier 2026<span class=\"sep\">\/<\/span><\/div>\r\n\t\t\t\t\t\t\t\t\t\t\t<div class=\"recent-posts-comments\"><a href=\"https:\/\/www.insersud86.fr\/?p=3760#respond\">0 commentaire<\/a><\/div>\r\n\t\t\t\t\t\t\t\t\t\t<\/div>\r\n\r\n\t\t\t\t\t\t\t\t\t<\/div>\r\n\r\n\t\t\t\t\t\t\t\t<\/div>\r\n\r\n\t\t\t\t\t\t\t<\/li>\r\n\r\n\t\t\t\t\t\t\r\n\t\t\t\t\t\t\t<li class=\"clr\">\r\n\r\n\t\t\t\t\t\t\t\t\r\n\t\t\t\t\t\t\t\t<div class=\"recent-posts-details clr\">\r\n\r\n\t\t\t\t\t\t\t\t\t<div class=\"recent-posts-details-inner clr\">\r\n\r\n\t\t\t\t\t\t\t\t\t\t<a href=\"https:\/\/www.insersud86.fr\/?p=3753\" class=\"recent-posts-title\">R\u00e9f\u00e9rent technique d&rsquo;insertion (H\/F) activit\u00e9 Espaces Verts<\/a>\r\n\r\n\t\t\t\t\t\t\t\t\t\t<div class=\"recent-posts-info clr\">\r\n\t\t\t\t\t\t\t\t\t\t\t<div class=\"recent-posts-date\">14 avril 2025<span class=\"sep\">\/<\/span><\/div>\r\n\t\t\t\t\t\t\t\t\t\t\t<div class=\"recent-posts-comments\"><a href=\"https:\/\/www.insersud86.fr\/?p=3753#respond\">0 commentaire<\/a><\/div>\r\n\t\t\t\t\t\t\t\t\t\t<\/div>\r\n\r\n\t\t\t\t\t\t\t\t\t<\/div>\r\n\r\n\t\t\t\t\t\t\t\t<\/div>\r\n\r\n\t\t\t\t\t\t\t<\/li>\r\n\r\n\t\t\t\t\t\t\r\n\t\t\t\t\t\r\n\t\t\t\t<\/ul>\r\n\r\n\t\t\t\t\r\n\t\t\t\t\t<\/div>\n\t\t\t\t<\/div>\n\t\t\t\t\t\t<\/div>\n\t\t\t\t\t<\/div>\n\t\t<\/div>\n\t\t\t\t\t\t\t\t<\/div>\n\t\t\t\t\t<\/div>\n\t\t<\/section>\n\t\t\t\t<section class=\"elementor-section elementor-top-section elementor-element elementor-element-eb752a5 elementor-section-boxed elementor-section-height-default elementor-section-height-default\" data-id=\"eb752a5\" data-element_type=\"section\">\n\t\t\t\t\t\t<div class=\"elementor-container elementor-column-gap-default\">\n\t\t\t\t\t\t\t<div class=\"elementor-row\">\n\t\t\t\t\t<div class=\"elementor-column elementor-col-50 elementor-top-column elementor-element elementor-element-da33d5e\" data-id=\"da33d5e\" data-element_type=\"column\">\n\t\t\t<div class=\"elementor-column-wrap\">\n\t\t\t\t\t\t\t<div class=\"elementor-widget-wrap\">\n\t\t\t\t\t\t\t\t<\/div>\n\t\t\t\t\t<\/div>\n\t\t<\/div>\n\t\t\t\t<div class=\"elementor-column elementor-col-50 elementor-top-column elementor-element elementor-element-1d69faa\" data-id=\"1d69faa\" data-element_type=\"column\">\n\t\t\t<div class=\"elementor-column-wrap\">\n\t\t\t\t\t\t\t<div class=\"elementor-widget-wrap\">\n\t\t\t\t\t\t\t\t<\/div>\n\t\t\t\t\t<\/div>\n\t\t<\/div>\n\t\t\t\t\t\t\t\t<\/div>\n\t\t\t\t\t<\/div>\n\t\t<\/section>\n\t\t\t\t\t\t\t\t\t<\/div>\n\t\t\t<\/div>\n\t\t\t\t\t<\/div>\n\t\t","protected":false},"excerpt":{"rendered":"<p>R\u00e9gie de Quartiers INSERSUD Association cr\u00e9\u00e9e en 1990, la R\u00e9gie de Quartiers INSERSUD a pour objet social l\u2019am\u00e9lioration du cadre de vie des habitants et de permettre l\u2019insertion professionnelle de ces derniers par l\u2019emploi au travers des activit\u00e9s \u00e9conomiques qu\u2019elle r\u00e9alise sur le territoire de la communaut\u00e9 urbaine de Grand Poitiers. Ces actions d&rsquo;insertion en [&hellip;]<\/p>\n","protected":false},"author":8,"featured_media":0,"parent":0,"menu_order":0,"comment_status":"closed","ping_status":"closed","template":"","meta":{"footnotes":""},"class_list":["post-102","page","type-page","status-publish","hentry","entry"],"aioseo_notices":[],"_links":{"self":[{"href":"https:\/\/www.insersud86.fr\/index.php?rest_route=\/wp\/v2\/pages\/102","targetHints":{"allow":["GET"]}}],"collection":[{"href":"https:\/\/www.insersud86.fr\/index.php?rest_route=\/wp\/v2\/pages"}],"about":[{"href":"https:\/\/www.insersud86.fr\/index.php?rest_route=\/wp\/v2\/types\/page"}],"author":[{"embeddable":true,"href":"https:\/\/www.insersud86.fr\/index.php?rest_route=\/wp\/v2\/users\/8"}],"replies":[{"embeddable":true,"href":"https:\/\/www.insersud86.fr\/index.php?rest_route=%2Fwp%2Fv2%2Fcomments&post=102"}],"version-history":[{"count":5,"href":"https:\/\/www.insersud86.fr\/index.php?rest_route=\/wp\/v2\/pages\/102\/revisions"}],"predecessor-version":[{"id":3737,"href":"https:\/\/www.insersud86.fr\/index.php?rest_route=\/wp\/v2\/pages\/102\/revisions\/3737"}],"wp:attachment":[{"href":"https:\/\/www.insersud86.fr\/index.php?rest_route=%2Fwp%2Fv2%2Fmedia&parent=102"}],"curies":[{"name":"wp","href":"https:\/\/api.w.org\/{rel}","templated":true}]}}